{"id":78,"date":"2019-12-02T19:02:40","date_gmt":"2019-12-02T17:02:40","guid":{"rendered":"http:\/\/localhost\/wordpress\/?page_id=78"},"modified":"2025-08-14T16:56:34","modified_gmt":"2025-08-14T13:56:34","slug":"etusivu","status":"publish","type":"page","link":"https:\/\/www.muinaismuistoyhdistys.fi\/","title":{"rendered":"Etusivu"},"content":{"rendered":"<div class=\"wp-block-image is-style-rounded\">\n<figure class=\"alignright size-full\"><img decoding=\"async\" loading=\"lazy\" width=\"300\" height=\"303\" src=\"http:\/\/www.muinaismuistoyhdistys.fi\/wp-content\/uploads\/2022\/02\/logo2.gif\" alt=\"\" class=\"wp-image-536\"\/><\/figure><\/div>\n\n\n<h2 class=\"wp-block-heading\" id=\"suomen-muinaismuistoyhdistys\">Suomen Muinaismuistoyhdistys<\/h2>\n\n\n\n<p>Suomen Muinaismuistoyhdistys on vuonna 1870 perustettu tieteellinen seura, jonka tarkoituksena on edist\u00e4\u00e4 Suomen sek\u00e4 mahdollisuuden mukaan muiden suomensukuisten kansojen ja alueiden muinaisuutta valaisevaa arkeologista, etnologista, taidehistoriallista, museologista ja kulttuurihistoriallista tutkimusta, levitt\u00e4\u00e4 mahdollisimman ajanmukaista tutkimustietoa sek\u00e4 her\u00e4tt\u00e4\u00e4 ja pit\u00e4\u00e4 vireill\u00e4 kiinnostusta kulttuuriperint\u00f6\u00f6n. Tarkoitustaan yhdistys toteuttaa j\u00e4rjest\u00e4m\u00e4ll\u00e4 esitelm\u00e4tilaisuuksia, kongresseja ja symposiumeja sek\u00e4 harjoittamalla julkaisutoimintaa.<\/p>\n\n\n\n<p>Suomen Muinaismuistoyhdistyksen j\u00e4seneksi voi liitty\u00e4 henkil\u00f6, joka tuntee kiinnostusta yhdistyksen toimintaa ja p\u00e4\u00e4m\u00e4\u00e4ri\u00e4 kohtaan. Esitelm\u00e4tilaisuudet ovat avoimia my\u00f6s muille kuin j\u00e4senille.<\/p>\n\n\n\n<blockquote class=\"wp-block-quote is-style-plain\">\n<p>Viel\u00e4 nyt, sata vuotta yhdistyksen perustamisen j\u00e4lkeen, v\u00e4linpit\u00e4m\u00e4tt\u00f6myys saattaa olla yll\u00e4tt\u00e4v\u00e4n suuri. Ty\u00f6kent\u00e4ll\u00e4mme on yh\u00e4 paljon raivattavaa. Teht\u00e4v\u00e4mme ei ole ainostaan oikeutettu. Se on t\u00e4rke\u00e4.<\/p>\n<cite>YHDISTYKSEN PUHEENJOHTAJA lARS pETTERSSON 100-VUOTISJUHLAKOKOUKSESSA 7.5.1970<\/cite><\/blockquote>\n\n\n\n<h2 class=\"wp-block-heading\" id=\"finska-fornminnesforeningen\">Finska Fornminnesf\u00f6reningen<\/h2>\n\n\n\n<p>Finska fornminnesf\u00f6reningen \u00e4r ett vetenskapligt s\u00e4llskap som fr\u00e4mjar forskning med syfte att belysa Finlands, och i m\u00e5n av m\u00f6jlighet \u00e4ven andra finsk-ugriska folks och omr\u00e5dens, forntid genom s\u00e5v\u00e4l arkeologisk, etnologisk, konsthistorisk och kulturhistorisk forskning. F\u00f6reningen ger ut aktuella forskningsresultat samt v\u00e4cker och h\u00e5ller i g\u00e5ng ett levande intresse f\u00f6r kulturarvet genom att ordna f\u00f6redrag, kongresser, symposium och idka publikationsverksamhet.<\/p>\n\n\n\n<p>Finska fornminnesf\u00f6reningens medlemskap \u00e4r \u00f6ppet f\u00f6r personer med intresse f\u00f6r f\u00f6reningens m\u00e5l och verksamhet. F\u00f6redragstillf\u00e4llena \u00e4r \u00f6ppna \u00e4ven f\u00f6r utomst\u00e5ende.<\/p>\n\n\n\n<h2 class=\"wp-block-heading\" id=\"the-finnish-antiquarian-society\">The Finnish Antiquarian Society<\/h2>\n\n\n\n<p>The Finnish Antiquarian Society is a scholarly society for the purpose of promoting archaeological, ethnological, art-historical and cultural-historical research concerning Finland and where possible other Finno-Ugrian regions and peoples. The Society also seeks to disseminate the most recent related results of research and to arouse and maintain interest in cultural heritage. It carries out its purpose by organizing lectures and talks, congresses and symposia and through publication activities.<\/p>\n\n\n\n<p>Membership in the Finnish Antiquarian Society is open to all persons interested in the Society&#8217;s work and goals. Non-members may also attend lectures and talks arranged by the Society.<\/p>\n","protected":false},"excerpt":{"rendered":"<p>Suomen Muinaismuistoyhdistys Suomen Muinaismuistoyhdistys on vuonna 1870 perustettu tieteellinen seura, jonka tarkoituksena on edist\u00e4\u00e4 Suomen sek\u00e4 mahdollisuuden mukaan muiden suomensukuisten kansojen ja alueiden muinaisuutta valaisevaa arkeologista, etnologista, taidehistoriallista, museologista ja kulttuurihistoriallista tutkimusta, levitt\u00e4\u00e4 mahdollisimman ajanmukaista tutkimustietoa sek\u00e4 her\u00e4tt\u00e4\u00e4 ja pit\u00e4\u00e4 vireill\u00e4 kiinnostusta kulttuuriperint\u00f6\u00f6n. Tarkoitustaan yhdistys toteuttaa j\u00e4rjest\u00e4m\u00e4ll\u00e4 esitelm\u00e4tilaisuuksia, kongresseja ja symposiumeja sek\u00e4 harjoittamalla julkaisutoimintaa. Suomen [&hellip;]<\/p>\n","protected":false},"author":1,"featured_media":0,"parent":0,"menu_order":0,"comment_status":"closed","ping_status":"closed","template":"","meta":[],"_links":{"self":[{"href":"https:\/\/www.muinaismuistoyhdistys.fi\/index.php\/wp-json\/wp\/v2\/pages\/78"}],"collection":[{"href":"https:\/\/www.muinaismuistoyhdistys.fi\/index.php\/wp-json\/wp\/v2\/pages"}],"about":[{"href":"https:\/\/www.muinaismuistoyhdistys.fi\/index.php\/wp-json\/wp\/v2\/types\/page"}],"author":[{"embeddable":true,"href":"https:\/\/www.muinaismuistoyhdistys.fi\/index.php\/wp-json\/wp\/v2\/users\/1"}],"replies":[{"embeddable":true,"href":"https:\/\/www.muinaismuistoyhdistys.fi\/index.php\/wp-json\/wp\/v2\/comments?post=78"}],"version-history":[{"count":10,"href":"https:\/\/www.muinaismuistoyhdistys.fi\/index.php\/wp-json\/wp\/v2\/pages\/78\/revisions"}],"predecessor-version":[{"id":1537,"href":"https:\/\/www.muinaismuistoyhdistys.fi\/index.php\/wp-json\/wp\/v2\/pages\/78\/revisions\/1537"}],"wp:attachment":[{"href":"https:\/\/www.muinaismuistoyhdistys.fi\/index.php\/wp-json\/wp\/v2\/media?parent=78"}],"curies":[{"name":"wp","href":"https:\/\/api.w.org\/{rel}","templated":true}]}}