{"id":69,"date":"2019-12-02T18:43:42","date_gmt":"2019-12-02T16:43:42","guid":{"rendered":"http:\/\/localhost\/wordpress\/?page_id=69"},"modified":"2026-04-13T21:47:51","modified_gmt":"2026-04-13T18:47:51","slug":"entiset-toimijat","status":"publish","type":"page","link":"https:\/\/www.muinaismuistoyhdistys.fi\/index.php\/historia\/entiset-toimijat\/","title":{"rendered":"Aiemmat toimihenkil\u00f6t"},"content":{"rendered":"\n<h3 class=\"wp-block-heading\">Yhdistyksen entiset toimihenkil\u00f6t<\/h3>\n\n\n\n<p><strong>Puheenjohtajat:<\/strong><\/p>\n\n\n\n<ul>\n<li>Zachris Topelius 1870\u20131875, 1878\u20131879<\/li>\n\n\n\n<li>W. Lagus 1875\u20131878<\/li>\n\n\n\n<li>K. E. F. Ignatius 1879\u20131885<\/li>\n\n\n\n<li>J. R. Aspelin 1885\u20131915<\/li>\n\n\n\n<li>Hjalmar Appelgren-Kivalo 1915, 1918\u20131919<\/li>\n\n\n\n<li>Theodor Schvindt 1916\u20131917<\/li>\n\n\n\n<li>A. O. Heikel 1917\u20131918<\/li>\n\n\n\n<li>Alfred Hackman 1919\u20131920<\/li>\n\n\n\n<li>Juhani Rinne 1920\u20131921<\/li>\n\n\n\n<li>Kustavi Grotenfelt 1921\u20131922<\/li>\n\n\n\n<li>U. T. Sirelius 1922\u20131923, 1924\u20131929<\/li>\n\n\n\n<li>Julius Ailio 1923\u20131924<\/li>\n\n\n\n<li>Bj\u00f6rn Cederhvarf 1929\u20131930<\/li>\n\n\n\n<li>A. M. Tallgren 1930\u20131942<\/li>\n\n\n\n<li>Aarne \u00c4yr\u00e4p\u00e4\u00e4 1942\u20131945<\/li>\n\n\n\n<li>Kustaa Vilkuna 1945\u20131962<\/li>\n\n\n\n<li>Ella Kivikoski 1962\u20131968<\/li>\n\n\n\n<li>Lars Pettersson 1968\u20131973<\/li>\n\n\n\n<li>C. F. Meinander 1973\u20131976<\/li>\n\n\n\n<li>Henrik Lilius 1977\u20131984<\/li>\n\n\n\n<li>Juhani U. E. Lehtonen 1984\u20131991<\/li>\n\n\n\n<li>Torsten Edgren 1991\u20131998<\/li>\n\n\n\n<li>Teppo Korhonen 1998\u20132004<\/li>\n\n\n\n<li>Helena Edgren 2004\u20132010<\/li>\n\n\n\n<li>Mika Lavento 2010\u20132016<\/li>\n\n\n\n<li>Pia Olsson 2016\u20132021<\/li>\n\n\n\n<li>Elina R\u00e4s\u00e4nen 2021\u2013<\/li>\n<\/ul>\n\n\n\n<p><strong>Varapuheenjohtajat:<\/strong><\/p>\n\n\n\n<ul>\n<li>H. A. Reinholm 1870\u20131871, 1880\u20131881<\/li>\n\n\n\n<li>K. E. F. Ignatius 1871\u20131875<\/li>\n\n\n\n<li>Julius Krohn 1875\u20131876<\/li>\n\n\n\n<li>A. O. Freudenthal 1876\u20131878<\/li>\n\n\n\n<li>Otto Donner 1878\u20131880<\/li>\n\n\n\n<li>Eliel Aspelin 1880, 1881\u20131899<\/li>\n\n\n\n<li>J. J. Tikkanen 1899\u20131902<\/li>\n\n\n\n<li>Hjalmar Appelgren 1902\u20131916<\/li>\n\n\n\n<li>A. O. Heikel 1916\u20131918<\/li>\n\n\n\n<li>Alfred Hackman 1918\u20131919<\/li>\n\n\n\n<li>Juhani Rinne 1919\u20131920<\/li>\n\n\n\n<li>Kustavi Grotenfelt 1920\u20131921<\/li>\n\n\n\n<li>U. T. Sirelius 1921\u20131922<\/li>\n\n\n\n<li>Julius Ailio 1922\u20131923<\/li>\n\n\n\n<li>K. K. Meinander 1923\u20131924<\/li>\n\n\n\n<li>Bj\u00f6rn Cederhvarf 1924\u20131938<\/li>\n\n\n\n<li>C. A. Nordman 1938\u20131959<\/li>\n\n\n\n<li>Ella Kivikoski 1960\u20131961<\/li>\n\n\n\n<li>Lars Pettersson 1962\u20131967<\/li>\n\n\n\n<li>C. F. Meinander 1968\u20131973<\/li>\n\n\n\n<li>Riitta Pylkk\u00e4nen 1973\u20131974<\/li>\n\n\n\n<li>C. J. Gardberg 1974\u20131991<\/li>\n\n\n\n<li>Ari Siiri\u00e4inen 1991\u20131993<\/li>\n\n\n\n<li>Tuukka Talvio 1993\u20132003<\/li>\n\n\n\n<li>Paula Purhonen 2003\u20132010<\/li>\n\n\n\n<li>Renja Suominen-Kokkonen 2010\u20132017<\/li>\n\n\n\n<li>Petri Halinen 2017\u20132019<\/li>\n\n\n\n<li>Elina R\u00e4s\u00e4nen 2019\u20132021<\/li>\n\n\n\n<li>Johanna Enqvist 2021\u20132025<\/li>\n\n\n\n<li>Teemu V\u00e4is\u00e4nen 2025\u2013<\/li>\n<\/ul>\n\n\n\n<p><strong>Sihteerit:<\/strong><\/p>\n\n\n\n<ul>\n<li>K. A. Castr\u00e9n 1870\u20131871 (sijainen 1870&nbsp;J. R. Aspelin)<\/li>\n\n\n\n<li>Otto Donner 1871\u20131873 (sijainen Eliel Aspelin)<\/li>\n\n\n\n<li>Emil Nervander 1873\u20131874 (1874 sijainen Eliel Aspelin)<\/li>\n\n\n\n<li>J. R. Aspelin 1874\u20131885<\/li>\n\n\n\n<li>HJ. Appelgren 1885\u20131887, 1889\u20131896, 1897\u20131898 (sijainen 1887&nbsp;P. Th. Schvindt, 1897&nbsp;A. Hackman)<\/li>\n\n\n\n<li>A. O. Heikel 1887\u20131889, 1896\u20131897 (sijainen 1889&nbsp;N. Liakka)<\/li>\n\n\n\n<li>Julius Ailio 1898\u20131902 (sijaisina&nbsp;B. Cederhvarf,&nbsp;Juhani Rinne)<\/li>\n\n\n\n<li>Juhani Rinne 1902\u20131918 (sijaisina&nbsp;A. M. Tallgren&nbsp;1907,&nbsp;J. Lukkarinen&nbsp;1913,&nbsp;A. Europaeus&nbsp;1918)<\/li>\n\n\n\n<li>A. M. Tallgren 1918\u20131920 (sijaisina 1918&nbsp;A. Europaeus,&nbsp;I. Manninen)<\/li>\n\n\n\n<li>T. I. Itkonen 1920\u20131938<\/li>\n\n\n\n<li>Iikka Kronqvist 1938\u20131945<\/li>\n\n\n\n<li>Nils Cleve 1945\u20131950<\/li>\n\n\n\n<li>Toivo Vuorela 1950\u20131952<\/li>\n\n\n\n<li>C. F. Meinander 1952\u20131958<\/li>\n\n\n\n<li>Aarni Er\u00e4-Esko 1959\u20131964<\/li>\n\n\n\n<li>Aarne Kopisto 1965\u20131966<\/li>\n\n\n\n<li>Sven-Erik Krooks 1967\u20131970<\/li>\n\n\n\n<li>Pekka Sarvas 1970\u20131973, 1974\u20131975 (varasihteeri Pirjo Uino 1975\u20131993)<\/li>\n\n\n\n<li>Kirsti Melanko 1973\u20131974<\/li>\n\n\n\n<li>Teppo Korhonen 1976\u20131992 (varasihteeri Pirjo Uino 1975\u20131993)<\/li>\n\n\n\n<li>Marianne Schauman-L\u00f6nnqvist 1993\u20132002<\/li>\n\n\n\n<li>Karim Peltonen 2002\u20132003 (varasihteeri Harri Nyman)<\/li>\n\n\n\n<li>Hanna Forssell 2003\u20132006 (varasihteeri Satu Frondelius 2004\u20132006)<\/li>\n\n\n\n<li>Satu Frondelius 2006\u20132008<\/li>\n\n\n\n<li>Mikko Ter\u00e4svirta 2008\u20132011<\/li>\n\n\n\n<li>Inkeri Hakamies 2011\u20132014<\/li>\n\n\n\n<li>Irene Nurminen 2014\u20132015<\/li>\n\n\n\n<li>Liisa Kunnas-Pusa 2015\u20132018 (varasihteeri Frida Ehrnsten 2015\u20132018)<\/li>\n\n\n\n<li>Petra Lehtoruusu 2018\u20132020 <\/li>\n\n\n\n<li>Tanja Juuri 2021\u20132023 (varasihteeri Piia Pasanen 2018\u20132023)<\/li>\n\n\n\n<li>Eino Heikkil\u00e4 2023\u20132025 (varasihteeri Suvi Toivanen 2023\u20132026)<\/li>\n\n\n\n<li>Anna Vuolanto 2025\u2013 <\/li>\n<\/ul>\n\n\n\n<p><\/p>\n","protected":false},"excerpt":{"rendered":"<p>Yhdistyksen entiset toimihenkil\u00f6t Puheenjohtajat: Varapuheenjohtajat: Sihteerit:<\/p>\n","protected":false},"author":1,"featured_media":0,"parent":37,"menu_order":0,"comment_status":"closed","ping_status":"closed","template":"","meta":[],"_links":{"self":[{"href":"https:\/\/www.muinaismuistoyhdistys.fi\/index.php\/wp-json\/wp\/v2\/pages\/69"}],"collection":[{"href":"https:\/\/www.muinaismuistoyhdistys.fi\/index.php\/wp-json\/wp\/v2\/pages"}],"about":[{"href":"https:\/\/www.muinaismuistoyhdistys.fi\/index.php\/wp-json\/wp\/v2\/types\/page"}],"author":[{"embeddable":true,"href":"https:\/\/www.muinaismuistoyhdistys.fi\/index.php\/wp-json\/wp\/v2\/users\/1"}],"replies":[{"embeddable":true,"href":"https:\/\/www.muinaismuistoyhdistys.fi\/index.php\/wp-json\/wp\/v2\/comments?post=69"}],"version-history":[{"count":10,"href":"https:\/\/www.muinaismuistoyhdistys.fi\/index.php\/wp-json\/wp\/v2\/pages\/69\/revisions"}],"predecessor-version":[{"id":1632,"href":"https:\/\/www.muinaismuistoyhdistys.fi\/index.php\/wp-json\/wp\/v2\/pages\/69\/revisions\/1632"}],"up":[{"embeddable":true,"href":"https:\/\/www.muinaismuistoyhdistys.fi\/index.php\/wp-json\/wp\/v2\/pages\/37"}],"wp:attachment":[{"href":"https:\/\/www.muinaismuistoyhdistys.fi\/index.php\/wp-json\/wp\/v2\/media?parent=69"}],"curies":[{"name":"wp","href":"https:\/\/api.w.org\/{rel}","templated":true}]}}

Aiemmat toimihenkilöt

<h3 class="wp-block-heading">Yhdistyksen entiset toimihenkilöt</h3>



<p><strong>Puheenjohtajat:</strong></p>



<ul>
<li>Zachris Topelius 1870–1875, 1878–1879</li>



<li>W. Lagus 1875–1878</li>



<li>K. E. F. Ignatius 1879–1885</li>



<li>J. R. Aspelin 1885–1915</li>



<li>Hjalmar Appelgren-Kivalo 1915, 1918–1919</li>



<li>Theodor Schvindt 1916–1917</li>



<li>A. O. Heikel 1917–1918</li>



<li>Alfred Hackman 1919–1920</li>



<li>Juhani Rinne 1920–1921</li>



<li>Kustavi Grotenfelt 1921–1922</li>



<li>U. T. Sirelius 1922–1923, 1924–1929</li>



<li>Julius Ailio 1923–1924</li>



<li>Björn Cederhvarf 1929–1930</li>



<li>A. M. Tallgren 1930–1942</li>



<li>Aarne Äyräpää 1942–1945</li>



<li>Kustaa Vilkuna 1945–1962</li>



<li>Ella Kivikoski 1962–1968</li>



<li>Lars Pettersson 1968–1973</li>



<li>C. F. Meinander 1973–1976</li>



<li>Henrik Lilius 1977–1984</li>



<li>Juhani U. E. Lehtonen 1984–1991</li>



<li>Torsten Edgren 1991–1998</li>



<li>Teppo Korhonen 1998–2004</li>



<li>Helena Edgren 2004–2010</li>



<li>Mika Lavento 2010–2016</li>



<li>Pia Olsson 2016–2021</li>



<li>Elina Räsänen 2021–</li>
</ul>



<p><strong>Varapuheenjohtajat:</strong></p>



<ul>
<li>H. A. Reinholm 1870–1871, 1880–1881</li>



<li>K. E. F. Ignatius 1871–1875</li>



<li>Julius Krohn 1875–1876</li>



<li>A. O. Freudenthal 1876–1878</li>



<li>Otto Donner 1878–1880</li>



<li>Eliel Aspelin 1880, 1881–1899</li>



<li>J. J. Tikkanen 1899–1902</li>



<li>Hjalmar Appelgren 1902–1916</li>



<li>A. O. Heikel 1916–1918</li>



<li>Alfred Hackman 1918–1919</li>



<li>Juhani Rinne 1919–1920</li>



<li>Kustavi Grotenfelt 1920–1921</li>



<li>U. T. Sirelius 1921–1922</li>



<li>Julius Ailio 1922–1923</li>



<li>K. K. Meinander 1923–1924</li>



<li>Björn Cederhvarf 1924–1938</li>



<li>C. A. Nordman 1938–1959</li>



<li>Ella Kivikoski 1960–1961</li>



<li>Lars Pettersson 1962–1967</li>



<li>C. F. Meinander 1968–1973</li>



<li>Riitta Pylkkänen 1973–1974</li>



<li>C. J. Gardberg 1974–1991</li>



<li>Ari Siiriäinen 1991–1993</li>



<li>Tuukka Talvio 1993–2003</li>



<li>Paula Purhonen 2003–2010</li>



<li>Renja Suominen-Kokkonen 2010–2017</li>



<li>Petri Halinen 2017–2019</li>



<li>Elina Räsänen 2019–2021</li>



<li>Johanna Enqvist 2021–2025</li>



<li>Teemu Väisänen 2025–</li>
</ul>



<p><strong>Sihteerit:</strong></p>



<ul>
<li>K. A. Castrén 1870–1871 (sijainen 1870&nbsp;J. R. Aspelin)</li>



<li>Otto Donner 1871–1873 (sijainen Eliel Aspelin)</li>



<li>Emil Nervander 1873–1874 (1874 sijainen Eliel Aspelin)</li>



<li>J. R. Aspelin 1874–1885</li>



<li>HJ. Appelgren 1885–1887, 1889–1896, 1897–1898 (sijainen 1887&nbsp;P. Th. Schvindt, 1897&nbsp;A. Hackman)</li>



<li>A. O. Heikel 1887–1889, 1896–1897 (sijainen 1889&nbsp;N. Liakka)</li>



<li>Julius Ailio 1898–1902 (sijaisina&nbsp;B. Cederhvarf,&nbsp;Juhani Rinne)</li>



<li>Juhani Rinne 1902–1918 (sijaisina&nbsp;A. M. Tallgren&nbsp;1907,&nbsp;J. Lukkarinen&nbsp;1913,&nbsp;A. Europaeus&nbsp;1918)</li>



<li>A. M. Tallgren 1918–1920 (sijaisina 1918&nbsp;A. Europaeus,&nbsp;I. Manninen)</li>



<li>T. I. Itkonen 1920–1938</li>



<li>Iikka Kronqvist 1938–1945</li>



<li>Nils Cleve 1945–1950</li>



<li>Toivo Vuorela 1950–1952</li>



<li>C. F. Meinander 1952–1958</li>



<li>Aarni Erä-Esko 1959–1964</li>



<li>Aarne Kopisto 1965–1966</li>



<li>Sven-Erik Krooks 1967–1970</li>



<li>Pekka Sarvas 1970–1973, 1974–1975 (varasihteeri Pirjo Uino 1975–1993)</li>



<li>Kirsti Melanko 1973–1974</li>



<li>Teppo Korhonen 1976–1992 (varasihteeri Pirjo Uino 1975–1993)</li>



<li>Marianne Schauman-Lönnqvist 1993–2002</li>



<li>Karim Peltonen 2002–2003 (varasihteeri Harri Nyman)</li>



<li>Hanna Forssell 2003–2006 (varasihteeri Satu Frondelius 2004–2006)</li>



<li>Satu Frondelius 2006–2008</li>



<li>Mikko Teräsvirta 2008–2011</li>



<li>Inkeri Hakamies 2011–2014</li>



<li>Irene Nurminen 2014–2015</li>



<li>Liisa Kunnas-Pusa 2015–2018 (varasihteeri Frida Ehrnsten 2015–2018)</li>



<li>Petra Lehtoruusu 2018–2020 </li>



<li>Tanja Juuri 2021–2023 (varasihteeri Piia Pasanen 2018–2023)</li>



<li>Eino Heikkilä 2023–2025 (varasihteeri Suvi Toivanen 2023–2026)</li>



<li>Anna Vuolanto 2025– </li>
</ul>



<p></p>

<p>Yhdistyksen entiset toimihenkilöt Puheenjohtajat: Varapuheenjohtajat: Sihteerit:</p>
