{"id":63,"date":"2019-12-02T18:41:17","date_gmt":"2019-12-02T16:41:17","guid":{"rendered":"http:\/\/localhost\/wordpress\/?page_id=63"},"modified":"2024-01-29T19:29:52","modified_gmt":"2024-01-29T16:29:52","slug":"stiftelsens-stadgar","status":"publish","type":"page","link":"https:\/\/www.muinaismuistoyhdistys.fi\/index.php\/stiftelsens-stadgar\/","title":{"rendered":"Julkaisut"},"content":{"rendered":"\n<p>Suomen Muinaismuistoyhdistys on  pitk\u00e4\u00e4n ollut aktiivinen arkeologian, etnologian ja taidehistorian alojen sek\u00e4 museoita koskevan tutkimuksen tieteellinen kustantaja. Yhdistys julkaisee t\u00e4ll\u00e4 hetkell\u00e4 Suomen Museo-Finskt Museum -vuosikirjan lis\u00e4ksi kolmea julkaisusarjaa: Iskosta, Kansatieteellist\u00e4 arkistoa ja Suomen Muinaismuistoyhdistyksen Aikakauskirjaa. Sarjoissa julkaistaan s\u00e4\u00e4nn\u00f6llisesti esimerkiksi yhdistyksen oppiaineiden v\u00e4it\u00f6skirjoja. Lue lis\u00e4\u00e4 <a rel=\"noreferrer noopener\" href=\"https:\/\/www.muinaismuistoyhdistys.fi\/index.php\/julkaisutoiminta\/\" target=\"_blank\">julkaisutoiminnastamme<\/a>.<\/p>\n\n\n\n<p>Yhdistyksen julkaisuja voi ostaa ja tilata&nbsp;<a href=\"http:\/\/www.tiedekirja.fi\/\">Tiedekirjasta<\/a>. Suurin osa yhdistyksen vuoteen 1945 menness\u00e4 ilmestyneist\u00e4 julkaisuista on saatavilla verkossa&nbsp;<a href=\"http:\/\/fennougrica.kansalliskirjasto.fi\/handle\/10024\/89726\">Kansalliskirjaston palvelussa<\/a>.  Parhaillaan yhdistyksess\u00e4 on k\u00e4ynniss\u00e4 digitointihanke, jolla pyrit\u00e4\u00e4n tuomaan my\u00f6s tuoreempia julkaisuja vapaasti luettavaksi <a href=\"https:\/\/journal.fi\/\">journal.fi-palveluun<\/a>.<\/p>\n\n\n\n<p>Julkaisutoimintaan ja yhdistyksen omaan julkaisuvalikoimaan liittyviin kysymyksiin vastaa julkaisusihteeri Teemu V\u00e4is\u00e4nen (julkaisusihteeri(at)muinaismuistoyhdistys.fi).<\/p>\n\n\n<div class=\"wp-block-image\">\n<figure class=\"aligncenter size-full\"><img decoding=\"async\" loading=\"lazy\" width=\"394\" height=\"546\" src=\"http:\/\/www.muinaismuistoyhdistys.fi\/wp-content\/uploads\/2021\/04\/KA_kansi.jpg\" alt=\"\" class=\"wp-image-247\" srcset=\"https:\/\/www.muinaismuistoyhdistys.fi\/wp-content\/uploads\/2021\/04\/KA_kansi.jpg 394w, https:\/\/www.muinaismuistoyhdistys.fi\/wp-content\/uploads\/2021\/04\/KA_kansi-216x300.jpg 216w\" sizes=\"(max-width: 394px) 100vw, 394px\" \/><figcaption class=\"wp-element-caption\">Kansatieteellisess\u00e4 arkistossa on julkaistu esimerkiksi vuonna 2011 luotsi- ja majakkamiesperheiden el\u00e4m\u00e4st\u00e4 v\u00e4itelleen Harri Nymanin v\u00e4it\u00f6skirja.<\/figcaption><\/figure><\/div>","protected":false},"excerpt":{"rendered":"<p>Suomen Muinaismuistoyhdistys on pitk\u00e4\u00e4n ollut aktiivinen arkeologian, etnologian ja taidehistorian alojen sek\u00e4 museoita koskevan tutkimuksen tieteellinen kustantaja. Yhdistys julkaisee t\u00e4ll\u00e4 hetkell\u00e4 Suomen Museo-Finskt Museum -vuosikirjan lis\u00e4ksi kolmea julkaisusarjaa: Iskosta, Kansatieteellist\u00e4 arkistoa ja Suomen Muinaismuistoyhdistyksen Aikakauskirjaa. Sarjoissa julkaistaan s\u00e4\u00e4nn\u00f6llisesti esimerkiksi yhdistyksen oppiaineiden v\u00e4it\u00f6skirjoja. Lue lis\u00e4\u00e4 julkaisutoiminnastamme. Yhdistyksen julkaisuja voi ostaa ja tilata&nbsp;Tiedekirjasta. Suurin osa yhdistyksen vuoteen [&hellip;]<\/p>\n","protected":false},"author":1,"featured_media":0,"parent":0,"menu_order":0,"comment_status":"closed","ping_status":"closed","template":"","meta":[],"_links":{"self":[{"href":"https:\/\/www.muinaismuistoyhdistys.fi\/index.php\/wp-json\/wp\/v2\/pages\/63"}],"collection":[{"href":"https:\/\/www.muinaismuistoyhdistys.fi\/index.php\/wp-json\/wp\/v2\/pages"}],"about":[{"href":"https:\/\/www.muinaismuistoyhdistys.fi\/index.php\/wp-json\/wp\/v2\/types\/page"}],"author":[{"embeddable":true,"href":"https:\/\/www.muinaismuistoyhdistys.fi\/index.php\/wp-json\/wp\/v2\/users\/1"}],"replies":[{"embeddable":true,"href":"https:\/\/www.muinaismuistoyhdistys.fi\/index.php\/wp-json\/wp\/v2\/comments?post=63"}],"version-history":[{"count":11,"href":"https:\/\/www.muinaismuistoyhdistys.fi\/index.php\/wp-json\/wp\/v2\/pages\/63\/revisions"}],"predecessor-version":[{"id":1175,"href":"https:\/\/www.muinaismuistoyhdistys.fi\/index.php\/wp-json\/wp\/v2\/pages\/63\/revisions\/1175"}],"wp:attachment":[{"href":"https:\/\/www.muinaismuistoyhdistys.fi\/index.php\/wp-json\/wp\/v2\/media?parent=63"}],"curies":[{"name":"wp","href":"https:\/\/api.w.org\/{rel}","templated":true}]}}