{"id":47,"date":"2019-12-02T18:33:11","date_gmt":"2019-12-02T16:33:11","guid":{"rendered":"http:\/\/localhost\/wordpress\/?page_id=47"},"modified":"2025-02-04T23:21:42","modified_gmt":"2025-02-04T20:21:42","slug":"kirjasto","status":"publish","type":"page","link":"https:\/\/www.muinaismuistoyhdistys.fi\/index.php\/toiminta\/kirjasto\/","title":{"rendered":"Kirjasto"},"content":{"rendered":"\n<p>Suomen Muinaismuistoyhdistyksen kirjasto koostuu p\u00e4\u00e4asiassa arkeologian, historian, kansatieteen ja taidehistorian julkaisusarjoista sek\u00e4 museoiden oppaista ja n\u00e4yttelyluetteloista. Kirjasto on sijoitettu\u00a0<a href=\"http:\/\/www.nba.fi\/fi\/tietopalvelut\/kirjasto\">Museoviraston kirjastoon<\/a>, jossa se on kaikkien k\u00e4ytett\u00e4viss\u00e4. Yhdistyksen kirjastoa ei s\u00e4ilytet\u00e4 erillisen\u00e4 kokoelmana, vaan kirjat on sijoitettu samoihin hyllyluokkiin kuin Museoviraston kirjaston kirjat.<\/p>\n\n\n\n<p>Kirjasto on t\u00e4ll\u00e4 hetkell\u00e4 suljettuna ja t\u00e4m\u00e4nhetkisten suunnitelmien mukaan se avataan Kansallismuseon vieress\u00e4 sijaitsevassa ns. Vaunuvajassa vuonna 2027. Seuraathan kirjaston tilannetta Museoviraston verkkosivuilta.<\/p>\n\n\n\n<p>Suomen Muinaismuistoyhdistyksen kirjat ja kausijulkaisut on luetteloitu&nbsp;<a rel=\"noreferrer noopener\" href=\"https:\/\/helsinki.fi\/helka\" target=\"_blank\">HELKA-tietokantaan<\/a>, jossa niiden sijainniksi on merkitty Museoviraston kirjasto. Lainaukseen tarvitaan HELKA-kirjastokortti.<\/p>\n\n\n\n<figure class=\"wp-block-image size-full\"><img decoding=\"async\" loading=\"lazy\" width=\"394\" height=\"262\" src=\"http:\/\/www.muinaismuistoyhdistys.fi\/wp-content\/uploads\/2021\/04\/Kirjasto.jpg\" alt=\"\" class=\"wp-image-255\" srcset=\"https:\/\/www.muinaismuistoyhdistys.fi\/wp-content\/uploads\/2021\/04\/Kirjasto.jpg 394w, https:\/\/www.muinaismuistoyhdistys.fi\/wp-content\/uploads\/2021\/04\/Kirjasto-300x199.jpg 300w\" sizes=\"(max-width: 394px) 100vw, 394px\" \/><\/figure>\n\n\n\n<h2 class=\"wp-block-heading\" id=\"julkaisuvaihto\">Julkaisuvaihto<\/h2>\n\n\n\n<p>Suomen Muinaismuistoyhdistyksell\u00e4 on noin kaksisataa ulkomaista ja sata suomalaista vaihtokumppania \u2013 tieteellisi\u00e4 seuroja, museoita ja tutkimuslaitoksia. Eniten ulkomaista kirjallisuutta saadaan Pohjoismaista, Baltiasta ja Saksasta, mutta vaihtokumppaneita on my\u00f6s Euroopan ulkopuolella. Ulkomaista julkaisuvaihtoa hoitaa&nbsp;<a href=\"http:\/\/www.tsv.fi\/vk\">Tieteellisen kirjallisuuden vaihtokeskus<\/a>&nbsp;ja kotimaista yhdistyksen kirjastonhoitaja.<\/p>\n\n\n\n<p>Vastineeksi yhdistys saa jatkuvasti kulttuuriperint\u00f6alan uutuuskirjoja ulkomailta. Ne sijoitetaan Museoviraston kirjastoon kaikkien k\u00e4ytett\u00e4v\u00e4ksi. <\/p>\n\n\n\n<h2 class=\"wp-block-heading\" id=\"kirjakokoelman-historiaa\">Kirjakokoelman historiaa<\/h2>\n\n\n\n<p>Kirjasto alkoi karttua jo yhdistyksen ensimm\u00e4isen\u00e4 toimintavuonna 1870, jonka kuluessa j\u00e4senet lahjoittivat yhdistykselle 14 teosta, l\u00e4hinn\u00e4 arkeologista kirjallisuutta. Lahjoituksia saatiin my\u00f6hemminkin sek\u00e4 yhdistyksen j\u00e4senilt\u00e4 ett\u00e4 muilta sen toiminnan tukijoilta. Lahjoitusten joukossa yhdistys sai runsaasti vanhoja ja arvokkaita kirjoja, joista kertyi merkitt\u00e4v\u00e4 kokoelma Ruotsin ajan fennica-kirjallisuutta, matkakertomuksia ja historiankirjoitusta.<\/p>\n\n\n<div class=\"wp-block-image\">\n<figure class=\"alignright size-full\"><img decoding=\"async\" loading=\"lazy\" width=\"394\" height=\"295\" src=\"http:\/\/www.muinaismuistoyhdistys.fi\/wp-content\/uploads\/2021\/04\/Kirjanselat.jpg\" alt=\"\" class=\"wp-image-254\" srcset=\"https:\/\/www.muinaismuistoyhdistys.fi\/wp-content\/uploads\/2021\/04\/Kirjanselat.jpg 394w, https:\/\/www.muinaismuistoyhdistys.fi\/wp-content\/uploads\/2021\/04\/Kirjanselat-300x225.jpg 300w\" sizes=\"(max-width: 394px) 100vw, 394px\" \/><\/figure><\/div>\n\n\n<p>Ajantasaista tieteellist\u00e4 kirjallisuutta yhdistys hankki p\u00e4\u00e4asiassa julkaisuvaihdon kautta. Ensimm\u00e4iset vaihtosuhteet luotiin jo 1870-luvulla, ja niiden m\u00e4\u00e4r\u00e4 kasvoi nopeasti yhdistyksen oman julkaisutoiminnan kehittyess\u00e4.<\/p>\n\n\n\n<p>Suomen Muinaismuistoyhdistyksen kirjakokoelma sijoitettiin vuonna 1916 avattuun Kansallismuseoon, jossa se palveli museon tutkijoita. Vuonna 1974 Kansallismuseon kirjasto muutti nimens\u00e4 Museoviraston kirjastoksi ja siirtyi Nervanderinkatu 13:een. Vuosina 2011-2024 kirjasto sijaitsi Museoviraston uusissa arkisto- ja kokoelmatiloissa, osoitteessa Sturenkatu 2a.<\/p>\n","protected":false},"excerpt":{"rendered":"<p>Suomen Muinaismuistoyhdistyksen kirjasto koostuu p\u00e4\u00e4asiassa arkeologian, historian, kansatieteen ja taidehistorian julkaisusarjoista sek\u00e4 museoiden oppaista ja n\u00e4yttelyluetteloista. Kirjasto on sijoitettu\u00a0Museoviraston kirjastoon, jossa se on kaikkien k\u00e4ytett\u00e4viss\u00e4. Yhdistyksen kirjastoa ei s\u00e4ilytet\u00e4 erillisen\u00e4 kokoelmana, vaan kirjat on sijoitettu samoihin hyllyluokkiin kuin Museoviraston kirjaston kirjat. Kirjasto on t\u00e4ll\u00e4 hetkell\u00e4 suljettuna ja t\u00e4m\u00e4nhetkisten suunnitelmien mukaan se avataan Kansallismuseon vieress\u00e4 sijaitsevassa [&hellip;]<\/p>\n","protected":false},"author":1,"featured_media":0,"parent":35,"menu_order":0,"comment_status":"closed","ping_status":"closed","template":"","meta":[],"_links":{"self":[{"href":"https:\/\/www.muinaismuistoyhdistys.fi\/index.php\/wp-json\/wp\/v2\/pages\/47"}],"collection":[{"href":"https:\/\/www.muinaismuistoyhdistys.fi\/index.php\/wp-json\/wp\/v2\/pages"}],"about":[{"href":"https:\/\/www.muinaismuistoyhdistys.fi\/index.php\/wp-json\/wp\/v2\/types\/page"}],"author":[{"embeddable":true,"href":"https:\/\/www.muinaismuistoyhdistys.fi\/index.php\/wp-json\/wp\/v2\/users\/1"}],"replies":[{"embeddable":true,"href":"https:\/\/www.muinaismuistoyhdistys.fi\/index.php\/wp-json\/wp\/v2\/comments?post=47"}],"version-history":[{"count":8,"href":"https:\/\/www.muinaismuistoyhdistys.fi\/index.php\/wp-json\/wp\/v2\/pages\/47\/revisions"}],"predecessor-version":[{"id":1414,"href":"https:\/\/www.muinaismuistoyhdistys.fi\/index.php\/wp-json\/wp\/v2\/pages\/47\/revisions\/1414"}],"up":[{"embeddable":true,"href":"https:\/\/www.muinaismuistoyhdistys.fi\/index.php\/wp-json\/wp\/v2\/pages\/35"}],"wp:attachment":[{"href":"https:\/\/www.muinaismuistoyhdistys.fi\/index.php\/wp-json\/wp\/v2\/media?parent=47"}],"curies":[{"name":"wp","href":"https:\/\/api.w.org\/{rel}","templated":true}]}}