{"id":37,"date":"2019-12-02T18:30:23","date_gmt":"2019-12-02T16:30:23","guid":{"rendered":"http:\/\/localhost\/wordpress\/?page_id=37"},"modified":"2022-02-01T13:55:10","modified_gmt":"2022-02-01T10:55:10","slug":"historia","status":"publish","type":"page","link":"https:\/\/www.muinaismuistoyhdistys.fi\/index.php\/historia\/","title":{"rendered":"Historia"},"content":{"rendered":"\n<p>Suomen Muinaismuistoyhdistys&nbsp;on on Suomen toiseksi vanhin tieteellinen seura.<\/p>\n\n\n\n<p>Suomen Muinaismuisto-Yhti\u00f6 perustettiin vuonna 1870. Alussa yhdistyksen tavoitteena oli luoda ylip\u00e4\u00e4t\u00e4\u00e4n edellytykset antikvaaristen muistomerkkien suojelulle ja muinaistutkimuksen k\u00e4ynnist\u00e4miselle sek\u00e4 her\u00e4tt\u00e4\u00e4 kansan kiinnostus muinaismuistoja kohtaan. Yhdistyksen perustamisen aloitteentekij\u00e4 oli J.R. Aspelin. Kaikki yhdistyksen 22 perustajaj\u00e4sent\u00e4 olivat alle 30-vuotiaita. <\/p>\n\n\n\n<div class=\"wp-block-image\"><figure class=\"alignright size-large is-resized\"><img decoding=\"async\" loading=\"lazy\" src=\"https:\/\/www.muinaismuistoyhdistys.fi\/wp-content\/uploads\/2022\/02\/J.R.Aspelin-621x1024.jpg\" alt=\"\" class=\"wp-image-624\" width=\"311\" height=\"512\" srcset=\"https:\/\/www.muinaismuistoyhdistys.fi\/wp-content\/uploads\/2022\/02\/J.R.Aspelin-621x1024.jpg 621w, https:\/\/www.muinaismuistoyhdistys.fi\/wp-content\/uploads\/2022\/02\/J.R.Aspelin-182x300.jpg 182w, https:\/\/www.muinaismuistoyhdistys.fi\/wp-content\/uploads\/2022\/02\/J.R.Aspelin-676x1114.jpg 676w, https:\/\/www.muinaismuistoyhdistys.fi\/wp-content\/uploads\/2022\/02\/J.R.Aspelin.jpg 728w\" sizes=\"(max-width: 311px) 100vw, 311px\" \/><figcaption>Valtionarkeologi J.R. Aspelin<\/figcaption><\/figure><\/div>\n\n\n\n<p>Yhdistyksen perustajien erityisen\u00e4 huolena oli Suomen vanhojen linnojen ja kirkkojen huono kunto. Haasteita aiheutti sekin, ettei maan muinaisj\u00e4\u00e4nn\u00f6ksi\u00e4 tunnettu kovin tarkkaan. Vuosina 1871\u20131901 yhdistys organisoi kahdeksan Suomen eri alueille suuntautunutta taidehistoriallista retkikuntaa, joilla dokumentoitiin taiteellisesti ja taidehistoriallisesti arvokasta ja mielenkiintoista aineistoa. Tuloksena kertyi yli 3 000 piirrosta, akvarellia ja valokuvaa kirkoista, linnanraunioista, kartanoista ja esineist\u00e4. <\/p>\n\n\n\n<p>Suomen Muinaismuistoyhdistyksell\u00e4 oli merkitt\u00e4v\u00e4 rooli muinaismuistolains\u00e4\u00e4d\u00e4nn\u00f6n kehitt\u00e4misess\u00e4 ja alan hallinnon luomisessa. Ensimm\u00e4isen\u00e4 valtionarkeologiksi valittiin 1885 yhdistyksen sihteerin\u00e4 toiminut J.R.Aspelin. <\/p>\n\n\n\n<p>Muinaistieteellisen toimikunnan (my\u00f6h. Museovirasto) perustamisen j\u00e4lkeen Muinaismuistoyhdistyksen teht\u00e4viksi j\u00e4iv\u00e4t erityisesti tieteellinen julkaisutoiminta ja valistustoiminta. Yhdistys on l\u00e4pi historiansa toiminut t\u00e4rke\u00e4n\u00e4 alan ammattilaisten verkostona, ja l\u00e4hes jokainen Museoviraston johtajista on jossakin vaiheessa toiminut yhdistyksess\u00e4.<\/p>\n\n\n\n<figure class=\"wp-block-gallery has-nested-images columns-default is-cropped wp-block-gallery-1 is-layout-flex\">\n<figure class=\"wp-block-image size-large\"><img decoding=\"async\" loading=\"lazy\" width=\"394\" height=\"295\" data-id=\"237\"  src=\"http:\/\/www.muinaismuistoyhdistys.fi\/wp-content\/uploads\/2021\/04\/Archaeologia.jpg\" alt=\"\" class=\"wp-image-237\" srcset=\"https:\/\/www.muinaismuistoyhdistys.fi\/wp-content\/uploads\/2021\/04\/Archaeologia.jpg 394w, https:\/\/www.muinaismuistoyhdistys.fi\/wp-content\/uploads\/2021\/04\/Archaeologia-300x225.jpg 300w\" sizes=\"(max-width: 394px) 100vw, 394px\" \/><\/figure>\n\n\n\n<figure class=\"wp-block-image size-large\"><img decoding=\"async\" loading=\"lazy\" width=\"394\" height=\"295\" data-id=\"242\"  src=\"http:\/\/www.muinaismuistoyhdistys.fi\/wp-content\/uploads\/2021\/04\/Ethnographia.jpg\" alt=\"\" class=\"wp-image-242\" srcset=\"https:\/\/www.muinaismuistoyhdistys.fi\/wp-content\/uploads\/2021\/04\/Ethnographia.jpg 394w, https:\/\/www.muinaismuistoyhdistys.fi\/wp-content\/uploads\/2021\/04\/Ethnographia-300x225.jpg 300w\" sizes=\"(max-width: 394px) 100vw, 394px\" \/><\/figure>\n\n\n\n<figure class=\"wp-block-image size-large\"><img decoding=\"async\" loading=\"lazy\" width=\"394\" height=\"295\" data-id=\"244\"  src=\"http:\/\/www.muinaismuistoyhdistys.fi\/wp-content\/uploads\/2021\/04\/Historia.jpg\" alt=\"\" class=\"wp-image-244\" srcset=\"https:\/\/www.muinaismuistoyhdistys.fi\/wp-content\/uploads\/2021\/04\/Historia.jpg 394w, https:\/\/www.muinaismuistoyhdistys.fi\/wp-content\/uploads\/2021\/04\/Historia-300x225.jpg 300w\" sizes=\"(max-width: 394px) 100vw, 394px\" \/><\/figure>\n<figcaption class=\"blocks-gallery-caption\">Yhdistyksen oppiaineet l\u00f6ytyv\u00e4t my\u00f6s Kansallismuseon portaikon lasimaalauksista.<\/figcaption><\/figure>\n","protected":false},"excerpt":{"rendered":"<p>Suomen Muinaismuistoyhdistys&nbsp;on on Suomen toiseksi vanhin tieteellinen seura. Suomen Muinaismuisto-Yhti\u00f6 perustettiin vuonna 1870. Alussa yhdistyksen tavoitteena oli luoda ylip\u00e4\u00e4t\u00e4\u00e4n edellytykset antikvaaristen muistomerkkien suojelulle ja muinaistutkimuksen k\u00e4ynnist\u00e4miselle sek\u00e4 her\u00e4tt\u00e4\u00e4 kansan kiinnostus muinaismuistoja kohtaan. Yhdistyksen perustamisen aloitteentekij\u00e4 oli J.R. Aspelin. Kaikki yhdistyksen 22 perustajaj\u00e4sent\u00e4 olivat alle 30-vuotiaita. Yhdistyksen perustajien erityisen\u00e4 huolena oli Suomen vanhojen linnojen ja kirkkojen [&hellip;]<\/p>\n","protected":false},"author":1,"featured_media":0,"parent":0,"menu_order":0,"comment_status":"closed","ping_status":"closed","template":"","meta":[],"_links":{"self":[{"href":"https:\/\/www.muinaismuistoyhdistys.fi\/index.php\/wp-json\/wp\/v2\/pages\/37"}],"collection":[{"href":"https:\/\/www.muinaismuistoyhdistys.fi\/index.php\/wp-json\/wp\/v2\/pages"}],"about":[{"href":"https:\/\/www.muinaismuistoyhdistys.fi\/index.php\/wp-json\/wp\/v2\/types\/page"}],"author":[{"embeddable":true,"href":"https:\/\/www.muinaismuistoyhdistys.fi\/index.php\/wp-json\/wp\/v2\/users\/1"}],"replies":[{"embeddable":true,"href":"https:\/\/www.muinaismuistoyhdistys.fi\/index.php\/wp-json\/wp\/v2\/comments?post=37"}],"version-history":[{"count":8,"href":"https:\/\/www.muinaismuistoyhdistys.fi\/index.php\/wp-json\/wp\/v2\/pages\/37\/revisions"}],"predecessor-version":[{"id":625,"href":"https:\/\/www.muinaismuistoyhdistys.fi\/index.php\/wp-json\/wp\/v2\/pages\/37\/revisions\/625"}],"wp:attachment":[{"href":"https:\/\/www.muinaismuistoyhdistys.fi\/index.php\/wp-json\/wp\/v2\/media?parent=37"}],"curies":[{"name":"wp","href":"https:\/\/api.w.org\/{rel}","templated":true}]}}